he highest common divisor of 50 and 90012275?
25
Calculate the greatest common factor of 10435928 and 4030864.
10552
Calculate the highest common divisor of 7700 and 236246010.
770
Calculate the highest common divisor of 1916026 and 4760.
14
Calculate the greatest common divisor of 1474813438 and 7.
7
What is the highest common factor of 66307803 and 51?
51
What is the greatest common divisor of 1612 and 1997764?
124
Calculate the highest common factor of 11320518 and 2178.
726
What is the highest common factor of 4953891828 and 4373?
4373
What is the greatest common factor of 21 and 845637387?
21
What is the greatest common factor of 1288 and 26979092?
644
What is the highest common factor of 25468430 and 537017?
5317
What is the greatest common factor of 33799362 and 624?
6
What is the greatest common divisor of 4824 and 1575036?
2412
Calculate the greatest common factor of 5639 and 201881839.
5639
What is the highest common factor of 42 and 10438410?
6
What is the greatest common factor of 920 and 30453564?
92
Calculate the highest common factor of 9 and 132068187.
9
Calculate the highest common factor of 549 and 17656328.
61
What is the highest common divisor of 6123321 and 31958?
841
Calculate the greatest common divisor of 786607 and 21165.
17
What is the greatest common divisor of 83075382 and 126?
18
What is the highest common factor of 4215 and 99223629?
843
Calculate the greatest common factor of 162354 and 1305.
3
What is the highest common divisor of 13 and 1654500393?
13
What is the greatest common factor of 18475024 and 472?
472
Calculate the highest common factor of 150549066 and 144.
18
Calculate the greatest common divisor of 130805564 and 18242.
2606
Calculate the greatest common factor of 2169 and 36495.
9
Calculate the highest common factor of 2619461 and 312.
13
What is the greatest common factor of 33665373 and 42?
21
Calculate the greatest common divisor of 55188 and 6046152.
6132
Calculate the greatest common divisor of 1847844 and 612.
36
Calculate the greatest common divisor of 16163991 and 306.
153
What is the greatest common divisor of 328 and 33214879?
41
What is the greatest common factor of 7 and 10100328?
7
What is the highest common factor of 387 and 102204378?
387
What is the greatest common factor of 21 and 934941?
21
What is the highest common divisor of 22 and 13759053?
11
Calculate the highest common divisor of 2287506 and 117.
39
What is the highest common factor of 16946714 and 1084?
542
What is the greatest common factor of 2295 and 25108515?
135
Calculate the highest common factor of 40341 and 80427.
51
What is the greatest common factor of 30810 and 285?
15
Calculate the greatest common divisor of 8920 and 495506.
446
Calculate the highest common factor of 801190 and 340.
10
What is the highest common factor of 11514768 and 2460?
492
What is the highest common factor of 22 and 22333124?
22
Calculate the highest common factor of 409200 and 636900.
3300
What is the highest common divisor of 17725101 and 170?
17
What is the highest common factor of 13696 and 1269020?
428
Calculate the highest common divisor of 7 and 17334828.
7
What is the highest common divisor of 3100778158 and 4751?
4751
Calculate the greatest common factor of 766663 and 31195.
367
Calculate the greatest common factor of 5139 and 2486142.
9
What is the highest common divisor of 3842274 and 108?
6
What is the highest common divisor of 103 and 38353595?
103
Calculate the highest common factor of 1452 and 37513542.
66
Calculate the highest common factor of 518 and 426496.
14
Calculate the highest common factor of 66177400 and 200.
200
Calculate the greatest common divisor of 16575472 and 104.
8
What is the highest common divisor of 185 and 5661481?
37
What is the highest common factor of 550734 and 304?
38
What is the greatest common divisor of 2399746 and 333?
37
What is the greatest common divisor of 20296 and 22652873?
2537
Calculate the greatest common divisor of 555617657 and 6244.
1561
What is the greatest common divisor of 2891 and 35275156?
413
Calculate the highest common divisor of 18315999 and 3.
3
What is the greatest common factor of 257065256 and 56?
56
Calculate the highest common factor of 795 and 6646280.
5
What is the highest common factor of 52212986 and 602?
14
What is the highest common factor of 4110 and 2292645?
15
Calculate the highest common factor of 3845 and 12465.
5
Calculate the highest common divisor of 81 and 29659059.
9
Calculate the highest common divisor of 11806 and 10643109.
5903
Calculate the greatest common divisor of 8505 and 46320120.
945
What is the highest common divisor of 5584260 and 127380?
660
What is the highest common factor of 1700 and 67754520?
340
Calculate the greatest common factor of 22597321 and 26247.
673
What is the greatest common factor of 2466203 and 469?
67
What is the greatest common divisor of 2673 and 461554929?
2673
What is the greatest common factor of 444636896 and 88?
88
What is the greatest common divisor of 2734 and 4382391482?
2734
What is the highest common factor of 91788264 and 360?
72
What is the greatest common divisor of 25377 and 12991?
11
Calculate the greatest common factor of 6035620524 and 12.
12
Calculate the highest common factor of 12708 and 15660492.
4236
What is the highest common factor of 3924522 and 294?
42
Calculate the greatest common divisor of 70994982 and 4161.
4161
What is the highest common divisor of 290 and 392331430?
290
Calculate the greatest common factor of 1 and 18597130.
1
What is the greatest common divisor of 374436 and 768?
12
What is the highest common factor of 4641 and 20347572?
357
What is the highest common factor of 6187090 and 44954?
2366
What is the greatest common factor of 987040 and 300080?
2480
Calculate the highest common divisor of 229068 and 97452.
36
What is the highest common divisor of 126 and 12290691?
21
What is the highest common factor of 2195 and 22136575?
2195
Calculate the greatest common divisor of 10 and 7338088.
2
Calculate the greatest common factor of 233 and 11892553.
233
Calculate the greatest common divisor of 24080 and 2792.
8
What is the greatest common factor of 1816 and 27658588?
908
Calculate the greatest common divisor of 11304 and 202512416.
1256
Calculate the highest common factor of 86103914 and 6565.
1313
Calculate the greatest common factor of 1393 and 30659930.
1393
What is the highest common factor of 784881 and 27639?
333
Calculate the greatest common divisor of 170 and 65276830.
10
What is the highest common factor of 384 and 2586432?
192
Calculate the highest common divisor of 210 and 8729553.
21
What is the greatest common divisor of 34960616 and 1725218?
14258
Calculate the highest common divisor of 56852676 and 10052.
1436
Calculate the highest common factor of 294 and 643152.
6
What is the highest common factor of 4380 and 1103600130?
2190
Calculate the highest common factor of 31 and 5316685039.
31
Calculate the highest common factor of 200 and 1293490.
10
What is the highest common divisor of 54510 and 207345?
345
What is the greatest common factor of 1044641 and 214?
107
What is the highest common divisor of 467074486 and 2708?
1354
What is the greatest common divisor of 79083 and 3059181?
783
Calculate the greatest common divisor of 306059 and 7582657.
1811
Calculate the highest common divisor of 26 and 90309089.
13
What is the highest common divisor of 105438520 and 440?
440
What is the highest common divisor of 14 and 2387546?
14
What is the greatest common factor of 9191 and 134771?
91
What is the greatest common divisor of 109420 and 35360?
20
What is the greatest common factor of 34723116 and 12?
12
Calculate the greatest common divisor of 5719819 and 98.
49
Calculate the highest common factor of 707292196 and 13.
13
What is the highest common divisor of 17755655 and 1030?
515
What is the highest common factor of 958566075 and 75?
75
Calculate the highest common divisor of 1102 and 29184.
38
Calculate the highest common factor of 24805745 and 25.
5
What is the highest common divisor of 22667201 and 698?
349
What is the highest common factor of 186189 and 5883?
159
What is the highest common divisor of 3010 and 12590?
10
What is the greatest common divisor of 1894950